alculate w(f).
7
Let f(c) = c**3 - c**2 - c + 6. Let w(s) = -s**3 + s**2. Let p(g) = 2*g**3 + 18*g. Let o(d) = -p(d) - 3*w(d). Let v be o(6). What is f(v)?
6
Let g(l) = 4*l + 14. Suppose 0 = -2*z + 10, -d - 6 = 3*d + 2*z. Determine g(d).
-2
Let l be (20/8)/((-5)/(-4)). Let z(b) = 2*b + 1 + 4 - 2*b**l + b**2 - 1. Suppose 8*k + 0*k = 24. Give z(k).
1
Let z(p) = 2*p + 2. Let u = 185 + -186. Let h(j) = -1. Let c(l) = u*h(l) - z(l). Let o be 8/6*(-3)/(-2). Calculate c(o).
-5
Let v(x) = x**3 - 12*x**2 + 18*x + 9. Suppose 4*a = 2*f - 13 - 11, 5*a = -4*f + 35. What is v(f)?
-11
Let z(l) = -l**3 + 7*l**2 - 6*l - 7. Let n be -14*((-9)/(-6) - 1). Let j(b) = b + 13. Let u be j(n). Determine z(u).
-7
Let v(w) = -5*w**3 + 6*w**2 + 2*w. Let p(o) = 6*o**2 + 1 + 4*o - 2*o + o - 4*o**3. Let y(a) = -4*p(a) + 3*v(a). Give y(7).
3
Suppose 24 = 5*d - r - r, 3*d - 4*r = 20. Let s = -14 + 10. Let q(u) = -u - 1. Let f(h) = -8*h + 2. Let z(t) = s*q(t) + f(t). Give z(d).
-10
Let z(w) = -8*w**3 + 2*w + 1. Let x(f) = -f + 2. Let i be x(18). Let n = i - -15. Give z(n).
7
Let c be 3 + (-3 - 2/(-1)). Let b(x) = 2*x**3 - x**2 + 2*x + 1. Give b(c).
17
Let o(k) = -3*k - 2. Let u(d) = 4*d + 3. Let y(w) = -3*o(w) - 2*u(w). Let n = -80 - -84. Suppose -c + n*a + 14 = 0, -4*c + 2*c + 14 = -a. Calculate y(c).
6
Let r(u) = u**2 + 3*u - 1. Let b(y) be the first derivative of y**2/2 - 8*y + 11. Let t be b(2). Give r(t).
17
Let b be (-2)/22*(-4224)/256. Let v(j) be the first derivative of 7 - b*j**2 - j. Calculate v(1).
-4
Let m(a) = 2*a + 3*a + 239 - 243. What is m(-5)?
-29
Suppose i + 3*b = 8, 0*b = 3*b - 9. Let l(m) = 13*m**2 + m + 1. Give l(i).
13
Let a(r) = 2*r - 2. Let n(c) = 3*c - 4. Let b be n(-15). Let q = b + 71. Let h = q + -18. Determine a(h).
6
Let o(f) be the third derivative of 7*f**4/8 + 5*f**2. Suppose 0*q + 3*v = q + 17, 3*v = 12. Let g = q + 6. What is o(g)?
21
Let d(q) = q**2 - 7*q - 5. Suppose 30 = 7*u - 4*u. Suppose -12*m + u*m + 16 = 0. What is d(m)?
3
Suppose 0 = 5*p - 4*d - 0*d - 16, -4*d + 16 = 3*p. Let h(i) = i**2 - 6*i + 2. Determine h(p).
-6
Let r(m) = m**3 - 3*m**2 - 4*m + 2. Let q be r(4). Let b(i) = 31 + i**3 + 32 + 35 + 36 - 135. Determine b(q).
7
Let h be (-4)/8*0 + 3. Let r = -11 + 12. Let t(l) = -l**2 - 3*l + r + 0*l**2 + 2*l**2 - 2. Give t(h).
-1
Let n(p) be the third derivative of -p**6/120 + 7*p**5/30 - p**4 + 4*p**3/3 + 2*p**2 + 296*p. What is n(12)?
8
Let z(q) = -q + 3. Suppose 18*g - 13*g - t = 37, 3*t - 1 = g. Give z(g).
-5
Let z(m) = 10*m**2 - m + 7. Let q be 6 + -3 + 4 + -4. Let x be (-5)/(q + 2/(-1)). Let w(i) = -10*i**2 + i - 6. Let j(t) = x*z(t) - 6*w(t). Determine j(1).
10
Let n(o) be the first derivative of 2*o**3/3 - o**2 - 33. Determine n(2).
4
Let n be (-44)/(-12) - 1/(-3). Let d = n + -6. Let s(a) = -a**2 + 3*a + 5*a**3 + a + 5*a**3 + 3 - 11*a**3. Calculate s(d).
-1
Let x(g) = 8 - 2*g - 1 - 6 - 16*g**2. Give x(1).
-17
Let c(b) = 2*b**2 - 24*b - 5. Let r be c(12). Let g(p) = p**2 + p + 3. What is g(r)?
23
Let h(q) be the second derivative of -q**4/12 + q**3/2 + 2*q**2 - 7*q. Let k be h(3). Let s(l) = k*l - 6*l**2 - 2*l + 4*l**2. What is s(-2)?
-12
Let b(q) = 2*q**2 + 3*q + 3. Suppose -g = -2 + 5. Let c be 1 + (-3 - -3) + g. Let l be b(c). Let h(z) = -z**3 + 5*z**2 + 2*z - 6. What is h(l)?
4
Let n(f) be the second derivative of -16*f + 1/3*f**3 + 0 - 3*f**2. Give n(5).
4
Let v(b) = -5 - 2*b**2 + 4*b + 1 + 2. Let i(u) = -u**2 - 12*u + 15. Let z(o) = -o**2 - 13. Let f be z(0). Let y be i(f). Determine v(y).
-2
Let p(h) = h**2. Let s(n) = n**3 + 16*n**2 + 10*n - 14. Let t(d) = -5*p(d) + s(d). What is t(-10)?
-14
Let f(g) = g**2 + 2*g - 1. Let t(b) = 4*b + 17. Let c be t(-3). Suppose -c*a - 2 = -7*a. Calculate f(a).
2
Let r(d) = -17*d**2 + 19*d - 3. Let q(f) = -5*f**2 + 7*f - 1. Let b(y) = -7*q(y) + 2*r(y). Calculate b(11).
1
Let n(v) = -v**3 + 8*v**2 + 9*v + 4. Suppose 0 = -x + 2*x - 3. Suppose 0 = -x*h - h - 16. Let l be -4 - -15 - (-2 - h). Calculate n(l).
4
Let q(b) = 3*b - 9. Suppose 768 - 816 = -8*c. Give q(c).
9
Let w(l) = -11*l + 4. Let z(k) = 21*k - 7. Let j = 106 + -100. Let m(p) = j*z(p) + 11*w(p). Determine m(-4).
-18
Suppose 0 = 5*w + 3 - 83. Let b = w + -23. Let q(s) = -2*s - 8. What is q(b)?
6
Let l(s) = s - 1. Suppose -2*t + 3*u = -11, 0 = -4*t - 0*t - 2*u - 18. Calculate l(t).
-3
Suppose -6 = -13*m - 214. Let o be 249/15 - (-2)/5. Let h = o + m. Let c(p) = -2*p + 1. What is c(h)?
-1
Let l be -32*(9/6 - 3)*1. Let d = -53 + l. Let i(b) = 2*b + 6. Give i(d).
-4
Let j(i) = -i + 2. Suppose -132 = -2*y - y + 4*b, -y + 31 = 3*b. Suppose h + 0*h + 12 = -3*r, 0 = 5*r - 5*h + y. Calculate j(r).
7
Let s(c) = 4*c**3 - 10*c**3 + 5*c**3 - 9 + 9*c**2 - 8*c. Calculate s(8).
-9
Let q(b) = -b**3 - 7*b**2 - 9*b - 9. Suppose 0 = -2*l + 4*d - 4, -2*l - d = d + 16. What is q(l)?
9
Let a(f) = -2*f**2 - 2*f + 4. Let q be 4 - (8 + (5 - 7)). Let x(t) = -t**2 - t + 5. Let o(y) = q*a(y) + 3*x(y). Determine o(0).
7
Let m(r) = 7 - 19 + 0 + r - 4. Determine m(13).
-3
Let u(a) = -9*a**3 - 2*a**2 - 4*a - 9. Let d(v) = -v**3 - v**2 - 2. Let k(y) = -6*d(y) + u(y). Let w be (-9)/3 + 0 - -2. Let x = 3 + w. Determine k(x).
-13
Suppose 4 = -x - 0*x. Let f(g) be the first derivative of -g**4/4 - g**3 + g**2 + 5*g + 3. Determine f(x).
13
Let j(w) = w**2 + 10*w - 9. Let g(x) = -4*x**2 - 30*x + 27. Let t(c) = -4*c - 26. Let u be t(-7). Let f(s) = u*g(s) + 7*j(s). Determine f(6).
15
Let h(o) = -o - 1. Let r(z) = z**3 + 9*z**2 - 3*z - 9. Let m = 24 - 33. Let d be r(m). Suppose -4*w - 4*q = -7*q + d, 3*w = 5*q - 8. Calculate h(w).
5
Let f(p) = -p**3 - 4*p**2 + 7*p + 6. Let d = 679 - 684. Calculate f(d).
-4
Suppose -27*j + 168 - 411 = 0. Let s(l) = 2*l + 20. What is s(j)?
2
Let v(m) = -4*m**2 + 5*m - 3. Let w be v(3). Let y = w - -26. Let h(j) = -4*j + 5*j**2 + 8*j**2 - 12*j**2 + 0 + y. What is h(3)?
-1
Let a(m) be the second derivative of m**5/20 - 5*m**4/4 + m**3/6 - 10*m**2 - 7*m - 11. Calculate a(15).
-5
Let k(r) = -92*r - 18. Let n(z) = 5*z + 1. Let y(o) = -2*k(o) - 36*n(o). Give y(6).
24
Let h be ((-38)/(-8))/(2/8). Let g(a) = -a + 17. Give g(h).
-2
Let h(p) = p**2 - 4*p + 3. Let x = -89 + 94. What is h(x)?
8
Let j(q) be the third derivative of 11*q**5/60 - q**3/6 + 17*q**2. Suppose 3*y - 23 + 20 = 0. Calculate j(y).
10
Let z = -37/1416 - -4/59. Let g(b) be the third derivative of 1/2*b**3 + b**2 + 0 + 0*b - 1/120*b**6 - 1/20*b**5 - z*b**4. What is g(-3)?
6
Let f be 2/(-9) - (-24)/108. Suppose n = -5*r - f*n + 26, 5*r - n = 34. Let z(v) be the second derivative of -v**5/20 + v**4/2 + v**2/2 + 4*v. Determine z(r).
1
Let j = 4 - 23. Let w = 26 + j. Let x be -3 - -5 - w - -1. Let a(o) = o**3 + 3*o**2 - 7*o - 5. Give a(x).
7
Let f = 110 + -108. Let k(g) = -g**2 - 2*g + 2. Calculate k(f).
-6
Let h = 1991 - 1998. Let b(l) = -l**3 - 6*l**2 + 11*l + 8. Give b(h).
-20
Let c(g) = -g**2 - 5*g. Suppose -d = -0*d + 5*h - 10, -5*h = -5*d - 100. Let o be ((-7)/2)/(d/(-30)). Determine c(o).
-14
Let w(t) = -t - 5. Suppose -3*r + 39 = -r - b, -3*r + 2*b + 61 = 0. Suppose r*h + 80 = h. Calculate w(h).
0
Let c(u) be the second derivative of 0*u**2 - 1/6*u**3 - 24*u + 0. Calculate c(4).
-4
Let b be (-18)/4*10/45*-3. Let h(z) = 5 - 37*z + 20*z + 22*z + z**b - 7*z**2. What is h(6)?
-1
Let n(t) be the second derivative of t**5/20 - t**4/12 + 16*t. Let z = 34 - 35. What is n(z)?
-2
Let a be (-1*1/3)/((-35)/(-315)). Let k(o) be the first derivative of o**4/4 + o**3 + 3*o**2/2 - 3. What is k(a)?
-9
Let m be 1*-4 - (-146 + 153). Let c(n) = 2*n + 30. What is c(m)?
8
Suppose 5*n - 5*f - 10 = 0, 3*n + 5*f - 2 = 2*n. Let y(g) = 673*g**n - 672*g**2 + 5 - 2 + 3*g + 2*g**3. What is y(-2)?
-15
Let i(x) = -2*x**2 + 5*x - 9. Let d(o) = o**2 - o + 1. Let c(m) = 3*d(m) + i(m). What is c(5)?
29
Let u(a) = a**3 - 10*a**2 - 4*a + 35. Let h = 311 - 301. Determine u(h).
-5
Let n(q) = 7*q**2 + 19*q + 17. Let g(b) = -11*b**2 - 28*b - 26. Suppose -5*x + 10*a + 41 = 6*a, 2*x - 2*a = 18. Let d(h) = x*g(h) + 8*n(h). Calculate d(-12).
6
Let o(y) = y**2 + y. Let n(g) = -3*g**2 + 3*g + 7. Let j(d) = n(d) + 2*o(d). What is j(7)?
-7
Let d(o) = -o - 5. Let y(c) = c**3 - 5*c**2 - 6*c - 3. Let u = 5 + 1. Let m be y(u). Give d(m).
-2
Let n(s) = 41 + 2*s - 43 - s**2 + 8*s. Give n(9).
7
Let m(t) be the first derivative 